j.
32
Suppose 0 = 8*x - 6*x - 10. Suppose 5*n + 11 = w, w = -n - 0*n + x. What is the remainder when 20 is divided by w?
2
Let c = 9 - 13. Let k(w) = -2*w - 9. Let t be k(c). What is the remainder when (8/(-12) - t)*186 is divided by 16?
14
Let a(x) = -4 + 3*x + 3 - 7. Suppose 12*s - 21*s + 207 = 0. What is the remainder when s is divided by a(7)?
10
Suppose 5*g + 2*g - 210 = 0. Let q be (g/8)/(42/(-112)). Let x = q + 37. What is the remainder when x is divided by 10?
7
Let t(w) = -173*w - 1. Suppose -1435 = 84*n - 125*n. Calculate the remainder when t(-1) is divided by n.
32
Suppose -3*u - 39 = 4*o, 3*u - 4*u + 13 = -3*o. Calculate the remainder when 13 is divided by -6*1/o*4.
1
Let s = -70 - -73. What is the remainder when 298/s - (-2)/(-6) is divided by 34?
31
Let c(l) = l**3 + 19*l**2 - 96*l - 19. Calculate the remainder when c(-23) is divided by 47.
26
Let a(h) = h**2 + 12*h + 22. Let k be a(-17). Let o = -70 + k. Calculate the remainder when 108 is divided by o.
34
Let x = 59 + -54. Suppose x*k + h + 2*h - 77 = 0, -h = k - 17. Suppose 0*d = -d + 51. What is the remainder when d is divided by k?
12
Let b(j) = -12*j - 9. Suppose -4 = 5*y - 4*c, 2*c = -3*y + y - 16. Let g be b(y). What is the remainder when (1 + g)*1*2 is divided by 27?
26
Let o = -144 + 156. What is the remainder when 34 is divided by o?
10
Suppose -4*m - 7 = -3*w, 2*m - 12 = -2*w + m. What is the remainder when 84/w + 3/15 is divided by 12?
5
Suppose 5*k - 37 + 47 = 0. Calculate the remainder when 81 is divided by -1 + -1 - (-48)/(1 - k).
11
Suppose 65 - 25 = 4*q. Suppose q = m + m. Suppose -5*t + 9 = 3*p, 2*p + p = -6. Calculate the remainder when m is divided by t.
2
Calculate the remainder when 225 is divided by ((-24)/9)/(8/(-36)).
9
Suppose -2*h = 4*z + 13 - 65, 0 = 3*z + 4*h - 44. Let q = z - -31. Let v = -18 + 33. Calculate the remainder when q is divided by v.
13
Let j = -17 - -49. What is the remainder when 297/5 - (-20 - (-2244)/110) is divided by j?
27
What is the remainder when (-1 + 4 - -51)*(-102)/(-12) is divided by 33?
30
Let k(a) = 4*a**2 + 1. Let l = -5 - -7. Suppose -28*n - 25 = -33*n. What is the remainder when k(l) is divided by n?
2
Let v = 2 + 2. Suppose 3*d - 3*o = -2*o + 44, 0 = v*d + 5*o - 65. Calculate the remainder when 27 is divided by d.
12
Suppose -177 = -8*r + 103. What is the remainder when r is divided by 7?
0
Suppose 10 + 23 = o. What is the remainder when o is divided by 12?
9
Suppose 4*w = 137*w - 23142. Calculate the remainder when w is divided by 37.
26
Let k(j) = 8*j**2 + 15*j - 14. Calculate the remainder when k(1) is divided by 6/(-14) + 114/21.
4
Suppose -5*h + 20 = -3*f, 0 = -3*f + 2*f + 5*h - 20. Suppose -2*a = -4*z - 26, -5*z + 4*z = f. Calculate the remainder when 48 is divided by a.
9
Suppose -4*z - 542 - 189 = 3*u, 4*u - 937 = 5*z. Let g = -162 - z. Let t = 58 - -33. What is the remainder when t is divided by g?
22
Suppose -3*s + 198 = -12*o + 16*o, -3*s + 198 = o. Calculate the remainder when s is divided by 8.
2
Let k = 126 - -4. Calculate the remainder when k is divided by 38.
16
Let l(d) = -12*d - 2. Suppose 0 = -4*g - 2*j - 2, 0 = -0*g - 2*g - 5*j + 19. Let y = -7 + 14. What is the remainder when l(g) is divided by y?
6
What is the remainder when 39 is divided by 9 + (-13)/(13/(-6))?
9
Let i = -87 - -269. Suppose -i = -4*r + 26. What is the remainder when r is divided by 11?
8
Let o = -543 - -545. Let w = -4 + 6. What is the remainder when o is divided by w?
0
Let t(w) = 43 + 6*w - 9*w + 0*w. Calculate the remainder when 30 is divided by t(12).
2
Suppose -202 = -2*m - 5*v, 4*m - 5*v + 10*v = 394. Calculate the remainder when m is divided by 49.
47
Let h(a) be the first derivative of 4*a**3/3 + 2*a**2 + 7*a - 17. Suppose -3*w = 9, 5*w = -4*n - 0*n + 9. What is the remainder when h(-2) is divided by n?
3
Let r(l) = l**3 - 2*l**2 - 5*l + 1. Let x be -8*(3 + (-21)/6). Suppose 18 = 18*b - 15*b. What is the remainder when r(x) is divided by b?
1
Let j(n) = n**3 + 22*n**2 + 14*n + 176. What is the remainder when j(-21) is divided by 67?
55
Let i(o) = -5*o + 27. Let u be i(5). Suppose 3*n - 22 = u*n. Calculate the remainder when 128 is divided by n.
18
Suppose 3*i = 10 - 16. Calculate the remainder when 50 is divided by 19 + i + -10 + 6.
11
Let n = 76 + 31. Calculate the remainder when 1389 is divided by n.
105
Suppose -2*t = 2*t + 4*b - 56, -2*t = -3*b - 38. What is the remainder when 136 is divided by t?
8
Let u(w) = -w**2 + 7*w - 5. Suppose -5*g = 5*p - 10, 5*p + 3 = 4*g - 23. Suppose -g*d + 5 + 7 = 0. What is the remainder when d is divided by u(6)?
0
Suppose -7339 = -11*q - 2400. What is the remainder when q is divided by 50?
49
Let z(f) = f**3 + 4*f**2 - 4*f + 7. Let i be z(-5). Suppose 0 = -2*h - i*h + 84. Calculate the remainder when (24/5)/((-164)/(-2050)) is divided by h.
18
Let r be (-27)/(-2)*18/(-27). Let s be 1/(4/(-12))*r. Suppose 4*u = u + s. What is the remainder when 34 is divided by u?
7
Let c(g) = -2*g**3 - 6*g**2 + 2*g - 10. What is the remainder when c(-6) is divided by 33?
29
Let g be 2/(-4) - (-200)/16. Let f = g + 29. Suppose -3*u + 22 = -u. Calculate the remainder when f is divided by u.
8
Let n(t) = t**2 - 31. Calculate the remainder when 62 is divided by n(-6).
2
Suppose 0 = 3*l - 14 - 1. Suppose -3*j = 3*q, l*j + 5 - 15 = -3*q. What is the remainder when 23 is divided by j?
3
Let t(q) = -4*q + 39. Calculate the remainder when 150 is divided by t(5).
17
Let x be (-233)/(-5) - (-18)/(-30). Let z = 89 - x. Calculate the remainder when z is divided by 11.
10
Suppose -3*n = 4*a - 83 + 4, -a + 2*n = -28. Suppose 5*b - a = 23. What is the remainder when b is divided by 5?
4
Suppose 4*u - 2*n - 2*n = 524, 0 = -3*n. Suppose 7*q - u = 16. What is the remainder when 124 is divided by q?
19
Let a be (1/(7/12))/(52/182). Suppose -a*z = -3*z - 42. Suppose -3 = p - 58. Calculate the remainder when p is divided by z.
13
Let o(g) = -1110*g + 22. Calculate the remainder when o(-1) is divided by 54.
52
Suppose 167*w + 111 = 170*w. Calculate the remainder when 850 is divided by w.
36
Let c(r) = -r - 1. Let v be c(-4). What is the remainder when -3*v/45 - (-1383)/15 is divided by 31?
30
Let a = 165 + 104. What is the remainder when a is divided by 72?
53
What is the remainder when 132 is divided by (-1 - (-2)/(-4))/((-75)/2300)?
40
Suppose -3*t - 719 + 529 = -4*x, -5*x + 266 = t. Suppose -u = -6 - 8. What is the remainder when x is divided by u?
10
Suppose 16*l - 17*l + 65 = 0. What is the remainder when l is divided by 24?
17
Suppose -2*a = -248 - 0. Let u = a + -91. What is the remainder when u is divided by 23?
10
Suppose 2*w = -j - 2*w - 4, -2*j + 4*w - 56 = 0. Let f = 35 + j. Suppose 44 = -3*t - 3*r + 119, 3*t = 4*r + 103. What is the remainder when t is divided by f?
14
Suppose -i + 95 = -346. Calculate the remainder when i is divided by 37.
34
Let c be (-107)/(-7) + 2 - 24/84. Let h(r) = -3*r - 2. What is the remainder when ((0/2)/4)/(-1) + c is divided by h(-4)?
7
What is the remainder when (-672)/((-6)/3) - -1 is divided by 34?
31
Suppose 4*z - 5 = 3. What is the remainder when 77 is divided by 2/(-4) + 41/z?
17
Suppose -5*h - 4*t + 6 = -0, -t = h - 1. What is the remainder when (-4 - 26 - -3)*-1 is divided by h - 2/2 - -14?
12
Let f(a) = 12*a - 3. Suppose -10 = 2*l, 2*l + 2*l + 40 = 4*i. What is the remainder when f(i) is divided by 29?
28
Suppose -j - 15 = -4*a, -3*a = -6*j + j - 24. Suppose y - a = -1. Suppose h + 22 = y*h. What is the remainder when h is divided by 8?
6
Suppose 136*g + 64 = 152*g. What is the remainder when 7 is divided by g?
3
Let j = 34 - 11. Suppose -4*i - b = -533, -i - 2*b + 132 = -3*b. Let c = i - 42. What is the remainder when c is divided by j?
22
Let m = 507 - 411. Calculate the remainder when m is divided by 10.
6
Suppose 2*c = 4*i + 420, -4*c - 5*i + 732 + 147 = 0. What is the remainder when c is divided by 97?
22
Let p(w) = w**3 - 2*w**2 - 22*w + 80. What is the remainder when 212 is divided by p(5)?
32
Suppose 22*j = 21*j + 13. Calculate the remainder when -3 - -54 - (0 + 1) is divided by j.
11
What is the remainder when 6996/22 - (-24)/(-3) is divided by 45?
40
Let j(b) = 2*b**2 - 2*b - 1. Let l be j(-1). Suppose l*p + 4*p = 189. Calculate the remainder when p is divided